sor of 40 and a?
8
Let w be (-1)/2 + 258/12. Let v be (0 - 2/(-4))*378. Calculate the greatest common factor of w and v.
21
Suppose 192 = 3*a + 3*a. Calculate the highest common divisor of 80 and a.
16
Suppose 2*f = 3*f - 8. What is the highest common divisor of 20 and f?
4
Let u(s) = -56*s**3 - 3*s - 3. Let r be u(-1). What is the greatest common factor of 8 and r?
8
Suppose -p - 4*r + 43 = -221, 2*p + 2*r - 528 = 0. Let f = p + -132. Calculate the highest common divisor of 12 and f.
12
Let i be (21 - 5) + -4 - 2*1. What is the greatest common divisor of 40 and i?
10
Let v(t) = 6*t - 34. Let j be v(10). Calculate the greatest common factor of j and 91.
13
Suppose 3*m = -3*m + 108. Suppose -x = -5*z - 9 - 23, 4*x = 4*z + 64. Calculate the highest common factor of m and x.
6
Let o(z) = -2*z - 4. Let r be o(-4). Suppose d = -2*m - 0*m + 25, -2*m = r*d - 70. Calculate the highest common divisor of d and 15.
15
Let z(j) = -4*j + 3 + 2*j - 2. Let o be z(2). Let c be (-6 + -6)/(o/2). What is the greatest common factor of 40 and c?
8
Let l be (3/(-6))/(3/(-90)). Let d be -15*(-6)/27*l. Let g = -13 + 23. What is the greatest common factor of d and g?
10
Let j = 45 + -41. What is the highest common divisor of j and 10?
2
Let a = -13 - 20. Let n be a/(-7) - 4/(-14). Suppose 2 = -x + 3*x, -n*v + 5*x = -40. What is the highest common divisor of v and 36?
9
Let p = 28 - 4. Suppose -d + 8 = -0*d. What is the greatest common divisor of d and p?
8
Let v be (-249)/(-15) + (-6)/(-15). Suppose -4*x - 765 = -9*x. What is the greatest common divisor of x and v?
17
Let g be (-348)/(-3 + -1) + 1. What is the highest common divisor of 11 and g?
11
Suppose 0 = 2*p + 5*z + 2, -37 + 9 = -5*p + 4*z. Let a be (p - -1)*(3 - 2). Suppose 5 = 9*x - 8*x. Calculate the highest common divisor of a and x.
5
Suppose 5*v = -b - 98, -2*v = v - b + 62. Let z = 50 + v. Suppose -m - 3*d = d - 26, 0 = -2*d + 10. What is the greatest common divisor of z and m?
6
Let p be 8/(24/5)*27. Let b = -52 + 8. Let k = 74 + b. What is the highest common factor of k and p?
15
Let s = 134 + -86. What is the greatest common factor of 32 and s?
16
Suppose 126 = 5*j - 809. Suppose 3*q + 5*u - 27 = 0, q + 2*u - 4*u + 2 = 0. Suppose -q*o = o - 85. What is the greatest common divisor of j and o?
17
Let g = 3 + 3. Let v be 86/g - (-12)/18. Let k = 277 - 172. What is the highest common divisor of k and v?
15
Suppose -2*x - 2 = -2*r - 0*x, 2*r + 2*x - 14 = 0. Let p be (r/(-6))/((-4)/6). Let m = -8 - -19. Calculate the highest common divisor of p and m.
1
Let k = 169 + -159. Suppose 2*o - 10 = -z, -2*z - 2 + 6 = 0. Let c be 1/o + (-15)/(-4). Calculate the greatest common divisor of k and c.
2
Let j(l) = 16*l - 33. Let v be j(3). What is the highest common factor of v and 5?
5
Let j = -219 + 117. Suppose 10*t - 314 = 12*t. Let n = j - t. What is the highest common divisor of 11 and n?
11
Let f(i) = -i**3 + 96. Let x be f(0). Suppose 3*w + x = z + 3*z, -w = 0. Calculate the highest common divisor of 36 and z.
12
Let a(p) = -p**3 + p**2 + 6*p + 3. Let l be a(-3). Suppose v + 0*v - 3 = 0. Suppose -3*j + 192 = v. Calculate the highest common factor of l and j.
21
Let q(f) be the third derivative of -67/24*f**4 + 0 - 2*f**2 + 0*f - 1/6*f**3. Let t be q(-1). What is the highest common divisor of t and 6?
6
Suppose 12 = 4*z - 12. Suppose x = -y - x - z, 5*y - x - 14 = 0. Suppose -j + 14 = y. What is the greatest common factor of j and 4?
4
Suppose 7*r - 142 = 12. What is the highest common divisor of r and 22?
22
Let c be -26*((-15)/(-6) + -3). What is the greatest common divisor of 91 and c?
13
Let g(b) = 2*b**2 - 3*b + 1. Let v be g(4). What is the greatest common factor of 7 and v?
7
Let g(p) = p**3 + p**2 + p - 3. Let d be g(0). Let q be d/((-9)/12)*14. Calculate the greatest common divisor of q and 8.
8
Let x = -3 - -5. Suppose -5*g + 3 = -x. Let n = 14 + -12. What is the greatest common factor of n and g?
1
Let f(l) = l**2 + 3*l + 3. Let k = -3 + 6. Let v be f(k). Suppose 2*r + 1 = v. What is the highest common divisor of 40 and r?
10
Let x be (152/6)/((-10)/75). Let b be ((-1)/2)/(1/x). Calculate the highest common divisor of 19 and b.
19
Let c be ((-33)/(-2)*-4)/(141/(-188)). Let a be 32/3 - (-1)/3. Calculate the highest common factor of a and c.
11
Let g(w) = 2*w**3 - w**2 - 7*w + 7. Suppose 6*k - 2*k = 20. Let m be g(k). Suppose -298 = -5*h + m. What is the greatest common factor of 9 and h?
9
Suppose -95 = 2*k - 779. Suppose -k = -2*a - 0*a. What is the greatest common factor of a and 19?
19
Suppose -2*p = 2*q - q - 18, -3*p - q = -25. Calculate the highest common factor of 35 and p.
7
Let x(c) = 10*c - 9. Let r be x(9). Suppose 10 = 2*v - 8. What is the highest common factor of v and r?
9
Let l be 134/3 - (-12)/36. Calculate the highest common factor of l and 18.
9
Let s = 30 + -4. What is the greatest common factor of 52 and s?
26
Suppose 0 = -f + 25 + 29. Let g(h) = 79*h**3 + 3*h**2 - 4*h + 3. Let o be g(1). Calculate the highest common factor of f and o.
27
Let z = 5 + -5. Suppose -2*c - 4 = -z. Let h be -9*((-6)/c)/(-9). Calculate the greatest common factor of 24 and h.
3
Suppose 4*i + 10 = 9*i. Suppose -r = 3*s - i*s - 7, -s = 2. Let q(d) = 6*d**2. Let o be q(1). What is the greatest common factor of r and o?
3
Let m be ((-2)/6 - 1)*-33. Calculate the highest common factor of m and 11.
11
Let a be (2/6)/(13/39). Calculate the greatest common factor of 8 and a.
1
Suppose -5 + 221 = 4*m. Suppose 0*n + 5*w + 3 = 2*n, -4*n - 5*w = -51. Calculate the highest common divisor of n and m.
9
Suppose -m - 39 = -5*v + 3*m, -5*m - 33 = -4*v. Let t = v + -4. Let w(l) = -11*l - 6. Let k be w(-3). Calculate the greatest common divisor of t and k.
3
Let j(l) = 8*l + 54. Let d be j(7). Calculate the highest common divisor of 10 and d.
10
Suppose -2 - 48 = -5*y. Calculate the greatest common factor of 80 and y.
10
Let j be 0/(-1)*(-1)/(-2). Suppose -3*b - 2*b + 20 = -4*c, j = 3*c. Suppose 14*f = 31 - 3. What is the highest common divisor of b and f?
2
Let z = 43 - -77. Suppose -v - 4 = 4*f - 1, 0 = 5*f + v + 3. Suppose 5*m - 60 = -5*c, 3*c - 3*m = -f*c + 54. What is the highest common factor of z and c?
15
Suppose -k - 2*m + 9 = 0, -k - 4*m + 27 - 10 = 0. Suppose 2*t - 2*y = -8, -t = t + y - 7. What is the highest common divisor of k and t?
1
Suppose -y + 340 = y. Calculate the greatest common factor of y and 68.
34
Suppose -3*c = 224 - 656. What is the greatest common divisor of c and 16?
16
Let w(c) be the first derivative of -c**2/2 + c - 2. Let d be w(-3). Let l = d + -1. Calculate the highest common factor of l and 12.
3
Let v(s) = 3*s + 7. Let c be v(0). What is the greatest common divisor of 63 and c?
7
Let b(a) = 4 + 0*a + a**2 + 3 - 6*a - 4. Let c be b(6). What is the highest common divisor of c and 24?
3
Suppose 0*i - 4 = 4*j + i, 4*i = -3*j - 16. Suppose 525 + 70 = 5*y. Suppose j = -4*q - y + 471. What is the highest common divisor of q and 11?
11
Let s(m) = m**3 - 2*m**2 + 2*m - 3. Let b be s(3). What is the greatest common factor of 60 and b?
12
Suppose -3*z = 2*z - 25. Let m(g) = 12*g + 7. Let s be m(4). What is the highest common factor of z and s?
5
Suppose 3*q - 34 = -3*l + l, -l + 14 = 3*q. Suppose 2*h - 22 = -h + 4*n, 3*h - 26 = 2*n. Let o = l - h. Calculate the greatest common factor of o and 2.
2
Let r = -7 - -9. Suppose r - 26 = -m. Let d = 120 + -60. What is the highest common divisor of m and d?
12
Let p = 10 - -10. Calculate the highest common factor of 50 and p.
10
Suppose -p + 47 = -5*k, -6*p + 4*k + 100 = -4*p. Calculate the highest common divisor of 26 and p.
26
Let p(x) = 18*x**2 - x + 1. Let c be p(1). Suppose -6 - c = -3*l. What is the highest common factor of l and 4?
4
Suppose 2*i - 2*g - 29 = g, 0 = -3*i - 5*g - 4. Let v(r) = r**3 - 6*r**2 - 5*r + 7. Let w be v(i). What is the highest common divisor of w and 14?
7
Let q(b) = -46*b + 16. Let j be q(-11). Suppose -s + 3*s = j. What is the greatest common factor of s and 29?
29
Suppose -4*a + 876 - 172 = 0. What is the greatest common divisor of 16 and a?
16
Let t(f) be the second derivative of -f**4/12 + f**3 + 3*f**2 + 3*f. Let j be t(6). What is the greatest common factor of j and 9?
3
Let j = -6 - -19. Suppose 3*b - 14 = j. Calcu